t common divisor of 1541 and 161?
23
What is the greatest common divisor of 2500 and 10?
10
What is the highest common factor of 800 and 305?
5
Calculate the highest common factor of 462 and 42.
42
What is the greatest common divisor of 1152 and 1920?
384
Calculate the highest common divisor of 506 and 138.
46
What is the highest common factor of 22302 and 54?
54
Calculate the highest common divisor of 306 and 24.
6
What is the highest common divisor of 43 and 43?
43
Calculate the highest common factor of 860 and 86.
86
Calculate the highest common divisor of 518 and 14.
14
What is the highest common factor of 51 and 15?
3
What is the greatest common factor of 44 and 4730?
22
What is the greatest common factor of 4 and 1556?
4
Calculate the highest common factor of 459 and 27.
27
What is the highest common divisor of 44 and 16?
4
What is the greatest common factor of 52 and 5382?
26
Calculate the greatest common factor of 33 and 14619.
33
What is the greatest common divisor of 122 and 1891?
61
What is the highest common factor of 105 and 21?
21
Calculate the greatest common divisor of 5 and 115.
5
Calculate the greatest common divisor of 2332 and 682.
22
What is the highest common factor of 7940 and 20?
20
Calculate the greatest common divisor of 2187 and 324.
81
Calculate the greatest common factor of 398 and 20497.
199
What is the greatest common factor of 1519 and 17360?
217
What is the highest common factor of 4978 and 285?
19
What is the highest common divisor of 52 and 13286?
26
Calculate the greatest common factor of 54 and 1080.
54
Calculate the greatest common divisor of 4833 and 81.
27
What is the greatest common factor of 512 and 6016?
128
What is the greatest common divisor of 3952 and 80?
16
What is the highest common divisor of 12 and 162?
6
Calculate the highest common factor of 708 and 36.
12
What is the highest common factor of 108 and 2016?
36
What is the greatest common divisor of 736 and 46?
46
What is the greatest common divisor of 14 and 68?
2
What is the highest common factor of 1776 and 432?
48
Calculate the greatest common divisor of 1716 and 372.
12
What is the greatest common divisor of 11 and 13?
1
Calculate the greatest common factor of 15 and 5350.
5
What is the highest common factor of 100 and 350?
50
What is the greatest common divisor of 4709 and 68?
17
What is the highest common factor of 5217 and 423?
141
What is the highest common factor of 45 and 720?
45
Calculate the greatest common divisor of 116767 and 49.
49
What is the greatest common divisor of 48 and 384?
48
Calculate the highest common divisor of 182 and 14.
14
What is the highest common factor of 171 and 9?
9
What is the greatest common factor of 3465 and 88?
11
What is the greatest common divisor of 98 and 1274?
98
What is the greatest common divisor of 14 and 1183?
7
What is the highest common factor of 4 and 116?
4
Calculate the highest common factor of 97 and 291.
97
What is the highest common divisor of 59 and 5?
1
Calculate the highest common divisor of 54 and 36.
18
Calculate the highest common factor of 135 and 1395.
45
Calculate the highest common factor of 5 and 335.
5
What is the greatest common divisor of 10 and 90?
10
Calculate the greatest common divisor of 140 and 518.
14
Calculate the greatest common factor of 29 and 1.
1
What is the highest common divisor of 552 and 69?
69
What is the greatest common divisor of 62 and 10?
2
What is the greatest common factor of 90 and 70?
10
What is the greatest common divisor of 23 and 7?
1
Calculate the greatest common divisor of 24 and 84.
12
Calculate the greatest common divisor of 2227 and 68.
17
What is the greatest common divisor of 24 and 560?
8
What is the highest common factor of 140 and 105?
35
What is the greatest common divisor of 117 and 225?
9
What is the highest common factor of 378 and 54?
54
What is the greatest common divisor of 134 and 1675?
67
Calculate the highest common factor of 24 and 132.
12
What is the greatest common divisor of 228 and 304?
76
What is the greatest common divisor of 12 and 212?
4
Calculate the greatest common factor of 156 and 2301.
39
Calculate the highest common factor of 371 and 7.
7
What is the highest common divisor of 22 and 1111?
11
What is the highest common divisor of 50 and 125?
25
What is the highest common divisor of 24 and 640?
8
Calculate the greatest common divisor of 242 and 44.
22
Calculate the greatest common divisor of 435 and 5307.
87
What is the highest common divisor of 143 and 44?
11
What is the highest common divisor of 512 and 320?
64
What is the highest common divisor of 28 and 70?
14
What is the highest common divisor of 81 and 4293?
81
Calculate the greatest common factor of 494 and 26.
26
What is the highest common factor of 5 and 75?
5
Calculate the highest common divisor of 966 and 7406.
322
Calculate the highest common factor of 270 and 130.
10
What is the highest common divisor of 36 and 5400?
36
What is the highest common factor of 18 and 96?
6
Calculate the highest common divisor of 684 and 3819.
57
Calculate the highest common divisor of 2 and 9.
1
Calculate the highest common divisor of 15 and 855.
15
What is the greatest common factor of 24 and 102?
6
What is the greatest common factor of 312 and 78?
78
Calculate the highest common factor of 54 and 1062.
18
What is the greatest common divisor of 3760 and 1034?
94
Calculate the greatest common divisor of 35 and 945.
35
Calculate the highest common divisor of 26 and 2938.
26
Calculate the greatest common factor of 100 and 40150.
50
What is the highest common factor of 30 and 330?
30
What is the greatest common divisor of 5 and 145?
5
What is the highest common factor of 12 and 612?
12
Calculate the greatest common factor of 68 and 697.
17
Calculate the highest common divisor of 30 and 135.
15
What is the greatest common divisor of 6 and 150?
6
What is the highest common divisor of 63 and 161?
7
Calculate the greatest common divisor of 9801 and 243.
81
Calculate the highest common divisor of 130 and 1105.
65
What is the highest common factor of 322 and 42?
14
What is the highest common divisor of 5256 and 16?
8
Calculate the highest common factor of 1665 and 10.
5
Calculate the highest common divisor of 45 and 55.
5
Calculate the greatest common factor of 205 and 25.
5
What is the greatest common factor of 667 and 23?
23
What is the highest common factor of 1269 and 47?
47
What is the greatest common factor of 2680 and 160?
40
Calculate the highest common divisor of 152 and 39140.
76
Calculate the highest common factor of 56 and 24.
8
What is the highest common factor of 341 and 62?
31
What is the greatest common divisor of 38605 and 35?
35
Calculate the highest common factor of 17754 and 66.
66
What is the highest common divisor of 306 and 68?
34
Calculate the greatest common factor of 306 and 234.
18
Calculate the greatest common divisor of 1680 and 30.
30
What is the greatest common factor of 48 and 24?
24
What is the greatest common factor of 6 and 906?
6
What is the highest common divisor of 17 and 119?
17
Calculate the greatest common factor of 245 and 2520.
35
What is the greatest common factor of 20 and 2?
2
What is the highest common divisor of 28 and 2016?
28
What is the highest common divisor of 15 and 4365?
15
Calculate the highest common factor of 2870 and 28.
14
Calculate the highest common factor of 840 and 182.
14
Calculate the highest common divisor of 93 and 403.
31
What is the greatest common divisor of 5 and 2?
1
What is the greatest common divisor of 12 and 75?
3
Calculate the highest common factor of 85 and 195.
5
What is the greatest common factor of 496 and 208?
16
Calculate the highest common factor of 2318 and 488.
122
What is the highest common factor of 39 and 1443?
39
Calculate the highest common factor of 60 and 140.
20
What is the highest common divisor of 260 and 52?
52
What is the greatest common divisor of 96 and 12?
12
What is the highest common divisor of 44 and 1826?
22
Calculate the greatest common divisor of 2080 and 455.
65
What is the highest common factor of 169 and 1612?
13
What is the greatest common factor of 2919 and 21?
21
What is the greatest common factor of 448 and 1148?
28
What is the greatest common divisor of 298 